2*k - 105289. What is the hundreds digit of m?
0
Let p = -536 + 543. Let w(b) = 39*b**2 - 5*b - 6. What is the thousands digit of w(p)?
1
Let f(i) = 29*i**2 + 108*i - 1434. What is the tens digit of f(12)?
3
Suppose -4*q + 30982 = 2*v, 0 = -0*v + 4*v + 12. What is the hundreds digit of q?
7
What is the thousands digit of 38/(-57)*-36*(-1 - -232)?
5
Let w = 149 + -146. Suppose -4*g + 170 = w*m, -4*g + 6*m - 4*m + 160 = 0. What is the units digit of g?
1
Suppose 0 = 5*h + 5*i - 61435, 2*h - 24592 = -179*i + 183*i. What is the thousands digit of h?
2
Suppose t - m + 1072 = 0, -15*m + 3 = -14*m. Let h = 1653 + t. What is the tens digit of h?
8
Let c = 51430 - -24287. What is the tens digit of c?
1
Let a be (-1444)/(-7) + -3 + 8/(-28). Suppose 4*t = -3*n - 243, 2*t - t + 4*n + 51 = 0. Let f = t + a. What is the tens digit of f?
4
Let o(x) = x**2 + x + 14. Let c(t) be the second derivative of t**4/12 - 11*t. Let j be c(0). What is the units digit of o(j)?
4
Let o(m) = -m**3 - 14*m**2 + 22. Let c(z) = -1. Let s(k) = 6*c(k) + o(k). Let l be s(-14). Suppose 14*b = l*b - 152. What is the units digit of b?
6
Suppose -9*b + 2*b = -14. Let x be 1/b - (4/(-8) + -2). Suppose 283 = 3*z - t, -x = -2*t + 1. What is the units digit of z?
5
Let n = 7022 + 10744. What is the thousands digit of n?
7
Let w = -647 + 655. What is the units digit of (6/w)/1 - (-115498)/136?
0
Let m = 64 - 88. Let x(p) = -p - 3. Let t be x(-5). What is the tens digit of m/(26/16 - t)?
6
Suppose 109*s + 21*s - 1035880 = 14*s. What is the tens digit of s?
3
Let h(y) = -4*y - 20. Let b be h(-6). Suppose -b*o + o = -9. What is the tens digit of (-408)/15*(o - 8)?
3
Let p(z) be the third derivative of -z**6/120 + z**5/3 - 3*z**4/8 - 3*z**2 - 8. What is the units digit of p(18)?
6
Let d(w) = 37*w**2 - 14*w + 8. Let m be d(-10). Let a = m + -1838. What is the tens digit of a?
1
What is the thousands digit of ((1543989/(-9))/29)/(4/(-12))?
7
Suppose -3*n + 0*l = l - 4, -5*l = 25. Suppose -n*v = 24 - 21. What is the units digit of (1040/(-100))/((-8)/(-10) + v)?
2
Suppose 26*a - 7310 = -8*a. What is the hundreds digit of (a - -7) + -1 + -6?
2
Let b(n) = 5*n - 23. Let t be b(-3). Suppose 5*q - 30 = 215. Let x = t + q. What is the tens digit of x?
1
Let t be (-15)/(1 - 266/263). Suppose 4*b + t = 9*b. What is the hundreds digit of b?
2
Let h = -36 + 36. Suppose -50*k + 46*k + 32 = h. Suppose -k*j + 15 + 33 = 0. What is the units digit of j?
6
Let g be -1 + -2*(-76)/8. Let w be (-26)/(-6) - ((-12)/g)/(-2). Suppose -5*k + 14 = -w*k. What is the tens digit of k?
1
Let q = -34 - -36. Suppose 2*j - 2 - 3 = 5*m, 0 = -q*j - 3*m + 13. Suppose -p + 75 = -5*g - 22, 5*p = j*g + 425. What is the tens digit of p?
8
Let i = -60 + 43. Let k(u) = -2*u**3 - 35*u**2 - 22*u - 17. What is the tens digit of k(i)?
6
Let c be -4 + (-2 - -3) + 1. Let p(g) = -g - 7. Let f be p(c). What is the units digit of 7 - 2 - -132 - f?
2
Suppose -5*t + 5*s = -675, 5*t - 671 = -0*s + 4*s. Let c = 127 + t. What is the units digit of c?
8
Let w be (4 - -4 - -3) + -4. Suppose w*c + 114 = 3019. What is the hundreds digit of c?
4
Let n(v) = v**3 - 9*v**2 + 17*v. Let q be n(8). Suppose -68*i = -q*i + 2064. What is the hundreds digit of i?
5
Suppose -38*g + 11408 = 6*g - 18996. What is the tens digit of g?
9
Let f be (-16)/(-104) - (-37)/13. Suppose 7*w - f = 2*w - v, 4*w + 4*v - 12 = 0. Suppose w = -11*a + 2492 - 534. What is the tens digit of a?
7
Suppose 70 = -3*o - 5*r, -4*r - r = 4*o + 95. What is the units digit of -5*1*(2240/o + 3)?
3
Suppose 108*r - 37269 = -4*z + 107*r, 0 = -2*z + 4*r + 18648. What is the units digit of z?
8
Let k(i) = 6*i**3 + 54*i**2 + 28*i + 75. What is the ten thousands digit of k(14)?
2
Let x(a) = 2*a**2 - 6*a - 10. Let p be x(4). Let j = 7 + 1. What is the units digit of 8/p + j + 38?
2
Suppose -5*o + 58327 = 2*y, 0 = 5*y + o - 80451 - 65286. What is the thousands digit of y?
9
Suppose -97*g - 46812 = -102*g - 4*c, -9369 = -g - 3*c. What is the thousands digit of g?
9
Suppose 8*x + 6 = 6*x, 2*p + 5*x - 90641 = 0. What is the thousands digit of p?
5
Suppose 76 = -9*k + 220. Let j = 212 - k. What is the hundreds digit of j?
1
Let d = 17062 + -15245. What is the units digit of d?
7
Let q = 1037 + 1527. What is the thousands digit of q?
2
Let f(w) be the second derivative of w**4/12 - 14*w**3/3 - 41*w**2/2 - 3*w. What is the hundreds digit of f(37)?
2
Let p be 1 + -9 + 20 + -6. What is the thousands digit of (3128/p)/(3/9)?
1
Let o = 584 + -1894. Let d = -553 - o. What is the tens digit of d?
5
What is the units digit of 1 + 9550/(5/5)?
1
Suppose -62 = -5*q + 23. Suppose 2*n - 5*n + 4*l = 64, 58 = -3*n - 2*l. What is the units digit of (-5)/n*(q - 1)?
4
Suppose 43*y - 297540 = -2*y - 12*y. What is the units digit of y?
0
Let x = -9744 - -12048. What is the thousands digit of x?
2
What is the thousands digit of (-1310)/(11 + 168/(-15))?
6
Suppose 5*i - 29928 = -3*k, 50*i - 45*i = 3*k + 29952. Suppose -296*p + 284*p + i = 0. What is the units digit of p?
9
Let h(f) = 90*f**3 + 2*f**2 + 5*f + 3. Let v be h(3). Suppose 11*t - v = 5*t. What is the tens digit of t?
1
Suppose 5208 = -16*x + 16376. Suppose 3*q - 4*n - n - x = 0, -q - 2*n + 218 = 0. What is the units digit of q?
6
Let r be (-80)/15*27/(-36). Suppose -262 = -3*t - 2*w, 5*t = r*t - 5*w + 109. What is the units digit of t?
4
Suppose 10965 = -17*s - 6800. Let l = s + 2126. What is the thousands digit of l?
1
Suppose 241*t - 9253287 + 1371382 = 0. What is the ten thousands digit of t?
3
Let v = 15939 + -5090. What is the hundreds digit of v?
8
Suppose 5*s = p - 15, p + 9 = 2*p - 2*s. Suppose 13*v - p*v = 7632. What is the hundreds digit of v?
9
Suppose 10 = 10*d - 8*d. Suppose -7*m + 26 - d = 0. Suppose 0 = -2*k - 5*t + 93, -m*t = 4*k - 187 - 6. What is the tens digit of k?
4
Suppose 4*p = -3*y + 21065 + 9214, 2*p = 5*y - 50439. What is the hundreds digit of y?
0
Let a = -40 + 38. Let o be 220 + 3 - (1 + a) - -4. Suppose 0 = 4*m - 2*b + 6*b - 452, -o = -2*m - 3*b. What is the tens digit of m?
1
Let d be 3/(4/4) - -2. Suppose -5*o + 3*l + 38 = 0, -2*l = -d*o - 7*l + 30. Suppose -116 = 6*b - o*b. What is the units digit of b?
6
Suppose -7 = -t - g, 0 = -5*t + 2*g + 3*g + 35. Suppose 19*s - t*s = 22944. Suppose 11*m - s = 519. What is the hundreds digit of m?
2
Suppose 5*n + 52 - 67 = 0. Suppose 157 = -n*t + 673. What is the hundreds digit of t?
1
Suppose -576 = f + 3*f. Suppose -1650*b + 16 = -1649*b. Let u = b - f. What is the units digit of u?
0
What is the hundreds digit of (-3 - -79282)*(-17 + 20)/3?
2
Let b = 11635 + -6760. What is the tens digit of b?
7
Suppose 46*x - 1440255 = -59*x + 476415. What is the ten thousands digit of x?
1
Let o(z) = 2381*z**2 - 112*z + 2. What is the tens digit of o(2)?
0
What is the tens digit of 4/58 + (-14717360)/(-2030)?
5
Suppose -4*z + 6 = -z. Suppose z*o - 40 = 32. Let u = -25 + o. What is the units digit of u?
1
Let t = -336 + 261. Let u = 90 - t. What is the tens digit of u?
6
Let s = -398 + 134. Let u = 506 + s. What is the units digit of u?
2
What is the tens digit of 15/(-2)*(20 + (-19896)/20)?
1
Let y = 927 - -6781. What is the tens digit of y?
0
Let c(s) = -5*s + 213. Let p be c(42). What is the tens digit of (73 - (0 - -8)) + p?
6
Let t = 59 - 59. Suppose -10 = -n + 2*n - 4*c, n - c + 1 = t. Suppose 0 = n*i + i - 336. What is the tens digit of i?
1
Suppose n + 7735 - 52129 = 0. Suppose n = 19*k + 2*k. What is the units digit of k?
4
Let v(d) be the first derivative of -1/3*d**3 - 5*d - 12*d**2 + 13. What is the hundreds digit of v(-7)?
1
Let b be -2 + (-7)/(50/(-15) + 3). Suppose 2*j + 5*s = -0*j + 10, -15 = -3*j - 5*s. Suppose -j*u = -q + b, q = -u + 20 + 5. What is the tens digit of q?
2
Suppose -3 = -h + 6*a - 7*a, h = 2*a. Suppose -2*s + 397 = h*r - 793, 2*s + 5*r = 1178. What is the units digit of s?
9
Let i be 8/(-36) + (-23718)/(-54). Let g = i - -616. What is the units digit of g?
5
Let z = -2 - -2. Suppose z = -5*n + 3*k - 109, -4*n - k = 32 + 45. Let q = n - -30. What is the tens digit of q?
1
Let q be (360/(-4) - (-2)/1)/1. What is the tens digit of -5 + ((-22)/q - 830/(-8))?
9
Let t = 105 + -72. Suppose -31*j - 70 = -t*j. Let u = j + -6. What is the units digit of u?
9
Suppose 1619659 = 23*y + 485